pose -4*z - 2*p - 5394 = 0, 2*z - 45*p + 2712 = -41*p. Let d = z - -2115. List the prime factors of d.
3, 5, 17
Suppose 0 = -34*k + 29*k + 10. Suppose 3*u = -k + 5. List the prime factors of -8 + 11 + (1/u - -8).
2, 3
Let x(l) = -5*l**2 - 2*l + 2 + 2*l**2 - 49*l**3 + 14*l**3 - 28*l**3. Let r be x(1). What are the prime factors of (-552)/(-5) - r/110?
3, 37
Let c be (4 + 78/(-18))*795/(-1). Suppose -266*d + 784 = -c*d. List the prime factors of d.
2, 7
Let l(h) = 44*h**2 - 297*h + 10. What are the prime factors of l(-12)?
2, 5, 991
Suppose 2*a + 18869 = i, a - 33381 = -5*i + 61041. What are the prime factors of i?
23, 821
Let l(a) = a**2 - 10*a + 3. Let w be l(12). Suppose 16 = -2*u + 6*u + o, 3*o = 3*u - w. Suppose 0 = -u*z - 5*z + 270. List the prime factors of z.
3
Suppose l = -2*z - 8, -z + 5*l + 8 = -3*z. List the prime factors of (-429)/z*176/66.
2, 11, 13
Suppose 248455 = 33*j - 222917. What are the prime factors of j?
2, 3571
Suppose -b + 5*i = 16, -4*b + 3*b - i = -8. Let l(k) = k**3 + k**2 + 15*k - 9*k**2 - 17 - b*k**2. What are the prime factors of l(11)?
3
Suppose -15*q + 12*q = 3. Let d be 6*q - -1*(2 - 2). List the prime factors of 1 + 392/(-2 - d).
3, 11
Suppose -5*z = -5*k - 15, -5 = -2*z + k - 0. Suppose -1483 = -l + z*u - 93, 5*l - 4*u - 6974 = 0. What are the prime factors of l?
2, 3, 233
List the prime factors of (-425 + 251)*218/(-4).
3, 29, 109
List the prime factors of (55 - 2)/((-15050)/(-836) - 18).
2, 11, 19, 53
Let n be ((-5)/(-7))/((-10)/(-70)). Suppose -920 = -4*d - n*a, 5*d - 12*a = -7*a + 1195. List the prime factors of d.
5, 47
Suppose 3*p = 2*w - 14, 4*w + 4*p + 3 - 11 = 0. Suppose 0 = -c + 2*s + 731, w*c + 12*s - 2919 = 15*s. What are the prime factors of c?
3
Let v be ((-68)/(-51))/((-4)/(-258)). What are the prime factors of v - 2*5/10?
5, 17
Let t(r) = -r**2 - 12*r + 3. Let m be t(-11). Suppose -12*z + m*z = 2778. List the prime factors of z.
3, 463
Suppose 2217*r - 66429 = 2206*r. List the prime factors of r.
3, 11, 61
Suppose -4*a - 3580 = p, 3*a + 2*p = -310 - 2370. Let u = -535 - a. Suppose n - 3*m = 2*n - 123, -3*n - 5*m + u = 0. List the prime factors of n.
3, 13
Suppose r - 24973 = 4*v, -165*v + 164*v + 74958 = 3*r. What are the prime factors of r?
5, 19, 263
Suppose -130979 = -23*a + 1007176. List the prime factors of a.
3, 5, 3299
Let l be (-5*56/(-100))/((-1)/(-60)). Suppose 0 = 5*w + 9*w - l. What are the prime factors of (-3)/(w/(-10))*106?
5, 53
Let m(o) = -o**2 + 8*o - 1758. Let w be m(0). Let g = -981 - w. What are the prime factors of g?
3, 7, 37
Let k(i) = i**3 - 54*i**2 - 164*i - 164. List the prime factors of k(57).
5, 47
Suppose 5*x = 5*l + 32615, 6*x - 8*x = 5*l - 13018. What are the prime factors of x?
3, 41, 53
Suppose -2*h + 8 = 0, -2*c + c - h = -7. Suppose 2*n - c*s = 51 + 11, -3*n + 87 = -3*s. What are the prime factors of n?
5
Let m = -4132 + 4304. What are the prime factors of m?
2, 43
Let d(h) = h**3 + 73*h**2 + 95*h + 215. What are the prime factors of d(-65)?
2, 3, 5, 29
Let z = -63 - -68. Suppose 4*a - z*w - 17 - 558 = 0, -5*a - 4*w = -770. Suppose -x + 4*f + 168 = 0, -x = 2*f - 0*f - a. List the prime factors of x.
2, 3, 13
Let n be (-1 + 2)*(2 - -2). Suppose -n*u = 2*u - 24. Suppose 63 = u*m - 109. List the prime factors of m.
43
Let h(a) = 444*a + 37. Let v be h(-7). What are the prime factors of v/(-9) + 126/(-567)?
11, 31
Let x(w) = 2*w**2 - 4. Let b be x(-2). Let l be 2/b - (-75)/(-30). List the prime factors of (l/(-6) - (-72)/27) + 9.
2, 3
Let s(m) = 13*m + 9. Let h be s(15). Let o = h - 43. What are the prime factors of o?
7, 23
Suppose 2190 = 5*v + 22*v + 246. List the prime factors of v.
2, 3
Suppose z - 10 = -7. Let a = 2 + z. Suppose a*p + 133 - 348 = 0. What are the prime factors of p?
43
Let r = -72149 - -103415. What are the prime factors of r?
2, 3, 193
Suppose -2*y - 9 = -5*y. Suppose -y*j + 124 = 5*q - 156, 0 = 3*j. Let m = 27 + q. List the prime factors of m.
83
Let i be (2 - -1)/((-6)/(-66)). Suppose 4*a + 31*a = -525. Let v = i + a. List the prime factors of v.
2, 3
Let d(z) = 84*z**2 - 2*z - 9. List the prime factors of d(-7).
13, 317
List the prime factors of 12/(-24) + 4 + (-73047)/(-6).
2, 6089
Suppose 66 = 2*w - 3*w + 5*v, 4*w + 226 = v. Let b = 72 + w. List the prime factors of b.
2
Let m be 3 - ((0 - -1) + -1). Suppose 0 = -m*j + j. Suppose -5*g = -a + 4*a - 120, 5*a = j. What are the prime factors of g?
2, 3
Let v be -1 - (-1 + -2 - 0). Let g(w) = -3 + v*w + 5 - 4 - 4. What are the prime factors of g(6)?
2, 3
Suppose 200*c + 3*y = 204*c - 51173, 5*y - 5 = 0. List the prime factors of c.
2, 6397
Let h be 54/81*(-1971)/3. List the prime factors of (h + (-1 - -1))/(-2).
3, 73
Suppose -3*t + 5*p + 146161 = 0, -t - 253*p + 252*p = -48739. What are the prime factors of t?
2, 3, 31, 131
Suppose -3*u + i - 4*i + 3504 = 0, 5*u - 3*i = 5824. Let n = u - 457. What are the prime factors of n?
709
Let b = -58 + 62. Suppose -s = 4*o - 509, 0*s = 2*o + b*s - 272. Let f = o + -24. What are the prime factors of f?
2, 3, 17
Let r be 4/((-8)/(-6)) - 30. Let d = -226 + 326. Let c = r + d. What are the prime factors of c?
73
Suppose 3*y = 3*m, -29 = -2*m - 5*y - 8. Suppose 115 = -c + 6*c - t, 3*t - 87 = -3*c. List the prime factors of (176/c)/(m/27).
2, 3, 11
Let y = 19674 + -13690. What are the prime factors of y?
2, 11, 17
Let i(k) = -160*k**3 + k**2 - 4*k - 1. Let r be i(-2). Let j = -696 + r. What are the prime factors of j?
5, 7, 17
Let u = 9585 - 2473. List the prime factors of u.
2, 7, 127
List the prime factors of 1*(7963 + (-6 - -7)) + 4.
2, 3, 83
Suppose 2*b + 3*r = 6*b - 23, 3*b - 5*r - 31 = 0. What are the prime factors of ((-1)/b)/((-2)/1276)?
11, 29
Suppose -12*x - 27342 = -3*k - 13*x, -5*k = 5*x - 45570. List the prime factors of k.
2, 3, 7, 31
Let h(w) = 16*w**2 - 9*w + 118. Let l be h(10). Suppose -3*r - 4*n = -2*n - l, 2*n + 532 = r. What are the prime factors of r?
2, 3, 5
Let h(v) = 18*v**3 - 5*v**2 + 23*v - 80. What are the prime factors of h(9)?
2, 13, 19
List the prime factors of ((-1353)/99 - -13) + (-82312)/(-6).
2, 19
Let j be (-24)/(-6)*10/20. List the prime factors of 3/2*(1408/6 - j).
349
Let f = -1184 + 2181. Suppose 16*d - 1563 = f. List the prime factors of d.
2, 5
Suppose 0 = 5*f - 3*l - 246490, -3*f + 316*l + 147894 = 313*l. What are the prime factors of f?
2, 157
List the prime factors of -4 - 366/(-90) - (-5 - (-1929504)/(-90)).
2, 3, 1787
Let v = 266 - 222. Suppose v*r - 33*r = 12760. List the prime factors of r.
2, 5, 29
Let s(n) = n**2 + 67*n + 5352. List the prime factors of s(0).
2, 3, 223
Let u(y) = -y**3 - 39*y**2 + 31*y + 112. List the prime factors of u(-41).
2203
Suppose o + 8 = -2*p + 4*o, 0 = -3*o. Let u(j) be the third derivative of -11*j**4/12 - 17*j**3/6 - 373*j**2. List the prime factors of u(p).
71
Let r = -201 + 105. What are the prime factors of (2 - r)*(-21)/(-14)?
3, 7
Suppose -29*x + 81634 = -12*x. What are the prime factors of x?
2, 7
Let t(k) be the first derivative of -3*k**3 - 24 - 3*k**2 + 3/4*k**4 - 12*k. What are the prime factors of t(6)?
2, 3, 23
List the prime factors of 188365/3 + (-3)/(279/(-155)).
2, 3, 5, 7, 13, 23
Let c(q) = 477*q + 559. What are the prime factors of c(21)?
2, 661
Suppose -4*m - 5*a = 15, 4*m + 4*a - 3 = -15. Suppose m = 2*u - 9*u + 3353. List the prime factors of u.
479
Let r(k) = 93*k + 408. List the prime factors of r(50).
2, 3, 281
Suppose 72*u - 111*u - 97*u + 6484888 = 0. What are the prime factors of u?
41, 1163
Let h(p) = -71*p**3 - 59*p**2 - 43*p - 6. Let u(i) = 25*i**3 + 20*i**2 + 14*i + 2. Let d(o) = -6*h(o) - 17*u(o). List the prime factors of d(-6).
2, 5, 17
Suppose -9*n + 3606 = -6*n - a, 3*a = 4*n - 4803. Suppose 3*w = 2*z - n, 1691 = 2*z + w + 484. What are the prime factors of z?
3, 67
Suppose 9698 = 5*r - 62132. What are the prime factors of (-1)/((1 - 3)*11/r)?
653
Let b(y) = -y**2 + 38*y + 205. Let l be b(43). Let t(x) = 46*x - 4. Let w be t(3). What are the prime factors of (-1 - w)*6/l?
3
Let x(d) = -14*d + 2*d**2 - 8 - 3 - 18. Let k be x(12). Let j = 201 + k. What are the prime factors of j?
2, 73
Let o(i) = -8*i + 95. What are the prime factors of o(-5)?
3, 5
Suppose 8*k = 2*o + 3*k - 817, 1194 = 3*o + 3*k. Let l = o + 805. What are the prime factors